 o + 2. Let j(z) = 2*z**2 - 13*z + 2. Let u(i) = j(i) + 4*w(i). Let y(s) = s**2 + 8*s - 5. Let x(q) = 4*u(q) + 9*y(q). What is x(-4)?
-5
Let k(n) = n**2 + 3*n - 3. Let s be k(-5). Let h(a) = 10*a + 0*a + s*a**2 + 2 - 6*a**2 - 4*a. Give h(-7).
9
Let i(s) = 5*s + 6. Suppose 2*g + 3*g + 30 = 0. Let p be (g - 2/(-1))/(-2). Suppose -o + 4 = -p*o. Calculate i(o).
-14
Suppose -3*s = 2*s - 4*x - 26, -4*s + 2*x + 16 = 0. Let h(q) = -3*q + 4 + 4 - s. Suppose d = -2*n + 9, 0 = -3*n - 4*d - 11 + 27. Give h(n).
-6
Suppose 3*k - 27 = -18. Let a(s) be the second derivative of -s**4/6 - s**3/6 - 3*s**2/2 + 19*s. What is a(k)?
-24
Let h(a) = a**3 - 6*a**2 + a - 4. Suppose 2*w - 2 = v - w, 3*w = 4*v + 26. Let q = v + 14. Give h(q).
2
Let a = 29 - 21. Let r(f) = -5*f**3 - 15*f**2 - 23*f - 11. Let g(y) = -3*y**3 - 10*y**2 - 15*y - 7. Let m(c) = a*g(c) - 5*r(c). Calculate m(6).
5
Suppose 0 = 2*z + 3*c - 23, -2*z + 2*c + 3*c - 1 = 0. Let a(v) be the second derivative of -v**4/12 + 7*v**3/6 + v**2/2 + 32*v. Give a(z).
1
Let g(n) = n**3 - 4*n**2 - n - 2. Suppose 5*f + 3*h = 8*h + 15, 5*f + 5*h = 15. Suppose -j - 3 = -d + f, 2*j + 8 = d. Give g(d).
-6
Let u(o) = -o**2 + 3*o - 2. Suppose 2*s - 5*z - 29 = -2*s, 2*z = -s - 9. Let x(r) = -r. Let j(n) = s*u(n) + 4*x(n). Give j(0).
-2
Let p(o) = -2*o - 3. Let g be p(-2). Suppose g = w - 3*w - 3*r, w = -2*r. Let v(d) = -d**3 + 2*d. Determine v(w).
4
Let f(b) = 870*b**2 + 11*b - 21. Let k be f(2). Let c(j) = -j**2 - 1 - 9*j**2 + 3482*j - k*j. Give c(1).
-10
Let g = 54 + -48. Let z(f) be the second derivative of -f**4/12 + 7*f**3/6 - 7*f**2/2 - 14*f. Calculate z(g).
-1
Let v(m) = -3*m**3 - m**2 + 2*m + 1. Let h be v(-2). Let n = -16 + h. Let y(i) be the third derivative of -i**5/10 - i**4/24 + i**2. What is y(n)?
-7
Let p(q) = -2*q - 3. Let z(c) = c + 20. Let r be z(-7). Let d = r + -15. What is p(d)?
1
Let u be 5 - ((-36)/(-27))/(6/45). Let c(s) = 1. Let f(l) = -l**2 - 5*l + 11. Let d(m) = -5*c(m) + f(m). Give d(u).
6
Let r be (-3)/(-2)*(-4)/(-3). Let i(m) = 1 + 7*m - r*m + 2*m. Let z be 4/(-8)*1*(0 - 2). What is i(z)?
8
Suppose 0 = 7*w - 31*w + 456. Let x(d) = d - 8. Calculate x(w).
11
Let s(v) = -3*v**3 + 4*v**2 - 3*v + 2. Let o = 729 - 727. Determine s(o).
-12
Let a(p) be the first derivative of -p**3/3 - 7*p**2/2 + 2*p - 40. Give a(-5).
12
Let x = 0 - 3. Let j be (2 - (-4)/x)*-9. Let k(c) = 2*c**2 - 1 + 4*c - c**2 + 3 + c. Give k(j).
8
Let b(t) = -t**3 + 7*t**2 + 19*t + 26. Let d be b(9). Let g(n) = d*n - 74*n - 1 + 41*n. Determine g(2).
3
Let x(n) be the third derivative of 0*n + 0 - 1/12*n**4 + 1/120*n**6 + 4*n**2 + 1/15*n**5 - 5/6*n**3. What is x(-4)?
3
Let h(t) = -17 - 6*t**2 + 1 - t + 5*t**2 - t**3 + 0. Calculate h(0).
-16
Suppose -3*i + 3*r = 4*r - 11, r = -1. Let h(z) = 3*z**2 - 9*z**2 - z + i*z**2 + 4*z**2. What is h(2)?
6
Suppose 20*o + 24 = 28*o. Let n(a) = -a + 4. Let w(u) = u**2 + 1. Let i(q) = -n(q) + w(q). Calculate i(o).
9
Let y(n) = 3*n**3 + n**2 - 9*n - 4. Let p(v) = v**3 + v**2 - 3*v. Let x(q) = -4*p(q) + y(q). Determine x(-3).
-13
Let b be -3*-8*6/36 - 6. Let s(x) = 4*x**2 + 2*x - 3. Determine s(b).
9
Let y(k) be the first derivative of -7*k**2 + k - 1. Suppose 20*h = -17270 + 17290. What is y(h)?
-13
Suppose 5*k - 4*s - 19 = 0, -5*k - 2*s + 68 = 25. Let t(z) = -z**2 + 7*z + 9. Give t(k).
9
Let b(f) = -f. Suppose 59 = 2*k + 17. Suppose 6*m - k = -57. Determine b(m).
6
Let h(y) = 7*y**3 + 3*y**2 - 4*y. Let v(f) = -3*f**3 - f**2 + 2*f. Suppose -5*r + 3*i - 16 = 0, 2*r = -r - 3*i. Let q(t) = r*h(t) - 5*v(t). Give q(3).
12
Suppose -2 = m + 2*x, 3 = -3*m - 5*x + 1. Let r(l) = -3*l - 5 + 7*l - 2*l - l. Determine r(m).
1
Let f = -16 + 19. Let u(z) be the second derivative of 0 - 7/2*z**2 - z + 1/3*z**f. Give u(5).
3
Suppose 2*b = -u + 13, -2*b = -3*u - 4*b + 31. Let r(k) = k**3 - 6*k**2 - 5*k - 9. Let t be r(7). Let f = u - t. Let z(a) = -a - 2. Calculate z(f).
-6
Let c(o) = -o**3 - 5*o**2 + 7*o + 9. Suppose 33*p + 42 = 26*p. What is c(p)?
3
Let x(l) = l**3 - 2*l**2 + 3*l - 3. Let d be x(2). Let k(g) = 4*g**3 + 3*g - 3*g**d - 7*g - 6*g**2 + g + 1. What is k(6)?
-17
Let b(w) be the third derivative of 5*w**4/24 - 2*w**3/3 - 6*w**2 + w. Calculate b(-5).
-29
Let p(q) = 1 - 1 - 5 + 5*q - q. Let j(h) = 8*h - 11. Let z(l) = 3*j(l) - 5*p(l). Calculate z(6).
16
Let q(w) be the first derivative of -w**4/4 - 8*w**3/3 - 7*w**2/2 + 6*w + 2. Let b be 15/30*-1*(15 - 1). Determine q(b).
6
Let g(y) = 2*y**3 - 5*y**2 - 4*y + 2. Let d be 1 + (4 + -5)*-3. Give g(d).
34
Suppose 48*t = 42*t + 54. Let x(b) = t - 6 - 3*b - 2 + 4*b. What is x(-6)?
-5
Let v be (-2 - -2) + -2*(-3)/6. Let k be (-2 - -3)*-1*(-1 + v). Let g(o) = -o**2 - o + 4*o**3 + 2*o**3 + 4 - 5*o**3. Determine g(k).
4
Let l(q) = -4*q**3 - 67*q**2 - q - 1. Let t(w) = 3*w**3 + 46*w**2 + w + 2. Let z(d) = -2*l(d) - 3*t(d). Let c = 2 + -5. What is z(c)?
-10
Let g(r) be the third derivative of r**5/60 - 17*r**4/24 + 2*r**3 + 219*r**2. What is g(16)?
-4
Let s(w) = 28*w - 328. Let r(c) = -4*c + 49. Let y(o) = -20*r(o) - 3*s(o). Give y(1).
0
Let o(c) = -3*c**3 - 9*c**2 - c - 8. Let t(d) = -7*d**3 - 19*d**2 - 2*d - 16. Let z(l) = -9*o(l) + 4*t(l). Calculate z(6).
-22
Let t(j) be the second derivative of j**5/20 + 5*j**4/6 + 4*j**3/3 - 4*j**2 + 4*j + 6. Calculate t(-9).
1
Let d(x) be the first derivative of -x**4/4 + 4*x**3/3 + 3*x**2 + 3*x + 2. Let b(l) = l**2 - 26*l + 10*l + l**2 - 5*l**2. Let r be b(-5). Determine d(r).
8
Let m(y) = 7*y - 1. Suppose -6*p - 20 = -32. Calculate m(p).
13
Let h be 2*((-3)/(-6) - 0). Let l be (-14)/2 + 1/h. Let n(a) = 6*a + 11 + 43 - 2*a**2 - 61 + 3*a**2. Determine n(l).
-7
Let w(i) = 5*i + 13. Let z(l) = 2*l + 5. Let g(m) = 4*w(m) - 11*z(m). Suppose -2*r = -0*r + 10. What is g(r)?
7
Let a = -2 + -2. Let d(n) = -6*n + 11. Let y(j) = j - 2. Let c = -36 - -34. Let w(x) = c*d(x) - 11*y(x). What is w(a)?
-4
Suppose -82 = -10*c - 2. Let x(r) = 6*r + 0*r - 3*r - c. Give x(8).
16
Let y(j) be the third derivative of j**6/360 - j**5/120 - 11*j**4/12 + 17*j**3/3 - 3*j**2 + 3*j. Let r(m) be the first derivative of y(m). Calculate r(0).
-22
Let q(u) = 3*u + 25. Let m(c) = 2*c**2 + 43*c - 129. Let y be m(-24). What is q(y)?
-2
Let k(f) be the third derivative of 0 + 5/6*f**3 + 0*f - 1/24*f**4 + 4*f**2. What is k(6)?
-1
Let w(o) = o**2 - 5*o - 13. Suppose -18*l + 203 = 11*l. Determine w(l).
1
Let f(z) = z**3 + 5*z**2 + 3*z + 1. Let a be f(-4). Suppose -5 = a*w + 15. Let k(s) be the third derivative of -s**5/60 - 5*s**4/24 - 2*s**2. What is k(w)?
4
Let l(n) be the third derivative of -n**6/120 - n**5/60 - n**4/12 - n**3/3 - 17*n**2. Determine l(-2).
6
Let x(j) = 3*j**2 + j. Suppose 0 = -3*v + 2*v + 107. Let l = 109 - v. What is x(l)?
14
Suppose -i - w = 1, i - w - 4 = 3. Suppose 0 = i*u - 4*u + 5. Let l(g) = g**3 - 6*g**2 + g + 3. Give l(u).
-17
Let v be -2 + -5*(7 + -8). Let f(l) be the first derivative of 7/2*l**2 + 1/4*l**4 - 6*l - 2*l**v + 2. What is f(4)?
-10
Let k(g) be the second derivative of g**7/840 - g**6/60 - g**5/15 - g**4/12 - 4*g**3/3 + 3*g. Let u(o) be the second derivative of k(o). Give u(7).
-9
Let u(f) = -5*f + 7. Let d(z) = 9*z - 13. Suppose 2*r - 10 = 12. Let v(y) = r*u(y) + 6*d(y). Let x = -10 - -4. Calculate v(x).
5
Let u(x) = -x**3 - 8*x**2 - 8*x - 2. Suppose -3*v + 12 + 126 = 0. Suppose -2*i + 76 = 4*h, v = 4*h - 2*h - 3*i. Let y be 66/(-10) - h/50. What is u(y)?
5
Let n(w) = 4 - w**3 + 4*w**2 + 2*w**3 - 1 + 2*w. Let t be ((27/18)/(-3))/((-1)/(-8)). Give n(t).
-5
Let m = -157 + 160. Let c(a) = -9*a. Determine c(m).
-27
Suppose 0*p = -2*p - 6. Let i be (p/(-9))/((5/12)/5). Let g(f) be the third derivative of -f**5/60 + f**4/24 + f**3/6 - f**2. What is g(i)?
-11
Let p(k) = k**2 - 6*k. Let u be ((-44)/(-3))/4 - 4/6. Suppose 0 = 2*t - u*t - 4*x, -3*t = -5*x - 17. Calculate p(t).
-8
Let p(s) = -s**2 - 29*s - 1. Let d(z) = 35*z - 1. Let i(o) = d(o) + p(o). Let t be 6*(-1 + 1 + 1). Give i(t).
-2
Let w(v) = v**2 - 1. Let i be 5/((-5)/(-7)) + -3. Suppose 2*r = i*r + 2. Give w(r).
0
Let w(u) = -2*u**2 + 3*u. Let d(z) = -15*z**2 + 23*z - 1. Let i(m) = d(m) - 7*w(m). Let v(p) = -p. Let o be v(-3). What is i(o)?
-4
Let x(a) be the third derivative of a**4/24 + 10*a**3/3 + a**2 - 72*a. Give x(-11).
9
Let h(m) be the second derivative of m**5/10 +